)?
-3
Let b = -16 + 13. Let g = b - -8. Let j(h) = h - 6. What is j(g)?
-1
Let z(b) be the second derivative of 1/3*b**3 - 1/6*b**4 - 14*b + 0 + 1/2*b**2. What is z(-1)?
-3
Let v(i) = i**2 - 11*i + 2. Let q(n) = -n**2 - 3*n + 1. Let o(a) = -3*q(a) + v(a). Determine o(-1).
5
Let f(u) = -u - 1. Let k(a) = -a**2 + 7*a + 10. Let b be k(8). Suppose -b*p = -0*p - 4. Suppose -2*x = -m - 9, 3*m + 17 = p*x - 2. Determine f(m).
4
Suppose 5*a = -3*d - 35, -2*d = 7 + 3. Let g(z) = 3 - 9 + z - 3*z - 1. Let m(n) = -2*n - 6. Let r(t) = a*m(t) + 3*g(t). Give r(-3).
-3
Let i(t) = -6*t**2 + 13*t + 11. Let s(f) = -4*f**2 + 7*f + 6. Let h(q) = -4*i(q) + 7*s(q). What is h(-3)?
-29
Let z(r) be the third derivative of -r**4/12 + r**3/6 - 91*r**2 - 3. What is z(6)?
-11
Let d = 214 - 211. Let u(k) = 3*k**2 - 4*k - 1. What is u(d)?
14
Let s(i) = -i**2 - 22*i - 36. Let w(k) = -20*k**3 + 3*k**2 - 4*k + 1. Let g be w(1). Let t be s(g). Let o(z) = -z**3 + 5*z**2 - 2*z + 5. Give o(t).
13
Let v(z) = -25*z - 58. Let m(u) = -58*u - 115. Let p(i) = -2*m(i) + 5*v(i). What is p(-7)?
3
Let c(y) = 7*y + 17 - 9 - 6 - 3 - 6*y. What is c(-5)?
-6
Let w = -17 - -22. Let n(x) = 4*x + 0*x**3 - 7 + 4*x - x**3 + 3*x**2. Calculate n(w).
-17
Let j(w) = w**3 + 5*w**2 - w. Let a be (-4)/(-2 + 7 + -4). Let h be ((-4)/12)/(a/108). Suppose -h*t = -8*t + 5. What is j(t)?
5
Let k(u) = 7*u**2 + u**3 + 6*u**2 + 3 - 15*u**2 + 7*u**2 + 5*u. Calculate k(-3).
6
Let q(t) = -9*t + 44. Let l(x) = 15*x - 45. Let g(j) = -2*l(j) - 3*q(j). Calculate g(-14).
0
Suppose 340*l = 342*l + 10. Suppose 0 = 2*g + y - 0*y - 1, 0 = -2*g - 4*y - 14. Let w(i) = 4 - 8*i - 5*i**2 - i**2 - i**g + i - 10. Determine w(l).
4
Suppose b + 24 = 18. Let j(t) = 3*t + 10. Calculate j(b).
-8
Let h(p) = -39*p**2 + 4*p + 23. Let o(s) = 22*s**2 - 2*s - 13. Let c(v) = 4*h(v) + 7*o(v). Give c(2).
-3
Let f(u) be the third derivative of -u**6/120 - u**5/10 - u**4/8 + u**3/6 - 63*u**2. Determine f(-5).
-9
Let l(t) be the first derivative of -t**5/60 - t**4/4 + 17*t**3/3 + 30. Let x(q) be the third derivative of l(q). Determine x(-4).
2
Let b(g) = g**2 + 26*g - 29. Let d be b(-24). Let u = d + 82. Let o(c) = c**3 - 4*c**2 - 7*c + 7. Give o(u).
-3
Let q(m) = 16*m**2 + 129*m + 13. Let r be q(-8). Let z(l) = -l**3 + 6*l**2 - 4*l - 9. Determine z(r).
-4
Let p(k) = -5*k - 6. Let z(c) = -9*c - 131. Let y be z(-14). Determine p(y).
19
Let i(y) = -8*y**2 - 1. Let t = 8 + -6. Let o(f) = 2*f - 3. Let v be o(t). Give i(v).
-9
Suppose 0 = -f + 67 - 68. Let q be (f/2 - 5/(-10))/(-1). Let x(o) = -o + 8. What is x(q)?
8
Suppose 20*a = -15*a + 70. Let b(s) be the third derivative of -5/6*s**3 - 1/8*s**4 + 0*s - 2*s**a + 0. Give b(-4).
7
Let k = -719 - -717. Let q(i) = -26*i - 3. Determine q(k).
49
Let a(b) = 3*b**2 - 26 + 9*b + 13 - 2*b**2. Determine a(-11).
9
Let i(s) be the first derivative of s**6/120 + 7*s**5/60 + s**4/4 - s**3/2 + 15*s**2/2 - 25. Let j(t) be the second derivative of i(t). Calculate j(-6).
-3
Let t(x) be the third derivative of x**4/12 - x**3/3 - 9*x**2 + 2. Suppose 2*w - 4 = 2*z, -3*w + 6*w = z - 4. Calculate t(w).
-8
Let a(u) = -u**2 - 10*u + 3. Let b(m) = 8*m - 79. Let n be b(9). Calculate a(n).
24
Let m(a) = -3*a + 0*a + a + 4*a - 6. Let z be m(6). Let b(i) = -3*i + 53. Let h(k) = k - 18. Let f(t) = 6*b(t) + 17*h(t). Give f(z).
6
Let s(c) = 8*c**2 - 2*c - 2. Let y(x) = 17*x**2 - 5*x - 4. Let g(k) = -7*s(k) + 3*y(k). Let i = -72 - -75. Suppose -i*f - 4 = -f. Calculate g(f).
-16
Let q(w) = -w**3 - 21*w**2 - 20*w. Let z be q(-20). Suppose z = 2*s + 3*s + 4*p + 9, 0 = 3*s - 3*p. Let u(h) = 2*h**2 - 2*h - 1. Determine u(s).
3
Let v(k) = -2*k**2 - 5*k + 2. Let n(l) = 2*l**2 - 7*l - 8. Let t be n(4). Determine v(t).
-10
Let i(z) = -z**3 - z**2 - z + 1. Let t = 23 - 19. Let r be (4 + -4 - t) + -2. Let n be 8/r*27/18. Give i(n).
7
Let o = -30 + 30. Let q be o - 0 - (-1 + 7 - -1). Let t(v) = -v**3 - 8*v**2 - 10*v + 1. What is t(q)?
22
Let y be 12/(-54) + (-43)/9. Let b(h) = -3*h**3 + 17*h**2 + 14*h + 19. Let i(l) = -2*l**3 + 9*l**2 + 7*l + 10. Let u(n) = -3*b(n) + 5*i(n). Calculate u(y).
3
Let h = -9 + 3. Let v(z) = 15*z**3 + 3*z**3 - 6*z**2 - 1 - 19*z**3. Give v(h).
-1
Let j be (1 + -2)*-1 + 2. Let p = 36 - 30. Suppose j*u = u + p. Let f(x) = -2*x**2 + 4*x. What is f(u)?
-6
Let q(h) = -h - 11. Let p = -29 + 32. Suppose 3*b = -p, b + 0*b + 25 = -3*d. What is q(d)?
-3
Let i(r) = -3*r + 8. Suppose 8 = -o + 3*o. Let c(j) = 2*j + 7. Let t(f) = -f - 1. Let p(z) = -2*c(z) - 6*t(z). Let k(d) = o*p(d) + 3*i(d). Calculate k(-5).
-3
Let q(n) = -14 + 1265*n**3 - 2532*n**3 + n + 1268*n**3. Determine q(0).
-14
Let g(i) be the first derivative of i**4/4 - i**3/3 + i**2/2 - 12*i + 1. Let q be 5*15/125 + 9/(-15). What is g(q)?
-12
Let c(g) = -3*g**2 - g + 6. Let t(a) = -4*a**2 - 2*a + 7. Let o(d) = -5*c(d) + 4*t(d). Calculate o(-4).
-6
Suppose -2*u - 3*x = -43, -4*u + x = -2*x - 113. Let a(j) = -30*j**2 + u*j**2 - 4 - j**3 + 3. Let h = 4 - 7. What is a(h)?
-10
Let l(h) be the first derivative of 3*h**2/2 - 40*h - 299. Determine l(14).
2
Let u(a) = -2*a**2 + 3 + 2*a + 0*a + 2*a**2 + a**2. Let j(n) be the second derivative of -n**4/12 - 7*n**3/3 - 15*n**2/2 + 3*n. Let t be j(-13). Calculate u(t).
3
Let j(x) = x**2 + x - 1. Let d(a) = -2*a**2 - 4*a + 2*a**2 - 6*a**2 - 3. Let w(t) = -d(t) - 5*j(t). Let z(o) be the first derivative of w(o). Determine z(2).
3
Suppose -3 + 5 = 2*v. Let i(k) = -9*k**3 - k**2 + k - 1. Determine i(v).
-10
Let z(m) = -m. Let b = 420 + -427. Let g(h) = -7*h + 6*h**2 + 3 - 3 - 1 + h**3. Let s be g(b). Give z(s).
1
Let r(m) = m**2 + 5. Let a be 1/4 - (1 + 205/4). Let p be a/(-13) + -1*2*2. What is r(p)?
5
Let c be (3 + -10)*-1*2. Suppose c*p - 11*p + 6 = 0. Let v(z) = -z**2 + z - 1. What is v(p)?
-7
Let x(o) = -85*o + 169*o - o**3 - 7*o**2 - 84*o - 7. Determine x(-7).
-7
Let o(x) = -3*x**2 - 16*x - 1. Let j be o(-6). Let s(r) = r**3 + 12*r**2 - 10*r + 19. Determine s(j).
-20
Let k(y) = 2*y**3 + 1. Let n(p) = 12*p**2 - 2*p - 14. Let r(l) = k(l) + n(l). Give r(-6).
-1
Let x be ((-4)/9)/(-2) - 78/351. Let p(i) = -i**2 - 2*i + 11. Determine p(x).
11
Let m(i) = 2*i**3 - 3*i**2 + 2*i + 2. Let n(x) = -x**2 - 11*x + 3. Suppose k + 14 = 3. Let u be n(k). Suppose -g - 4*c - 2 = 2*g, 4 = -u*g - 5*c. Give m(g).
10
Let m = -2 - -2. Let n(v) = -2*v - 6 - v**2 + v + 0*v. What is n(m)?
-6
Let o(k) = -13*k + 7. Let d(m) = 3*m + 1. Let p(u) = 4*d(u) + o(u). Calculate p(10).
1
Suppose 2*c - 208 = -196. Let p(w) = w**3 - 6*w**2 - w + 4. What is p(c)?
-2
Let s = -2 + 4. Let g(l) = l**3 - 5*l**2 - 2*l + 5. Let u be g(5). Let v(z) = 3*z + 5. Let o(c) = -3*c - 6. Let k(x) = u*v(x) - 4*o(x). What is k(s)?
-7
Let j = -15 - -7. Let q be 2 + 0 + (-16)/j. Let y(h) = 0 + q - 1 + 2*h - 5. Calculate y(2).
2
Let d(r) = r**3 - r**2. Let i(c) = 5*c**3 - 4*c**2 - 2*c - 2. Let h(k) = -4*d(k) + i(k). Let w = -52 + 50. Give h(w).
-6
Let r(g) = 2399*g + 13 - 1193*g - 1202*g. Give r(-8).
-19
Let z be 1 + 0 + (1 - 7). Let p(n) be the first derivative of n**2 - 6*n - 400. Give p(z).
-16
Let p be (42/12 - 5)/(6/(-8)). Let x(m) = m**3 - 2*m + 2 - 3*m - 3 + 5*m**p - 8. What is x(-6)?
-15
Let i be ((-2 + 2)/((-2)/(-1)))/1. Let t(n) = -n**2 + n + 7. Give t(i).
7
Let i(l) = 2*l - 2*l + 14 - l. Let h = 547 - 540. What is i(h)?
7
Suppose -2*i + 5*t = 10, t + 2 = -5*i + 4. Let w(s) = -s + 20. Let h(k) = 3. Let m(x) = -4*h(x) + w(x). Determine m(i).
8
Let z be 0 + (1 - (-2 - 3 - -4)). Let p(g) be the first derivative of -8 + 3/2*g**z + g - 1/3*g**3. Give p(5).
-9
Let d(c) = -9*c**3 - 2*c**2 + 3. Let j(y) = 54*y**3 + 12*y**2 - 19. Let q(t) = 13*d(t) + 2*j(t). What is q(-1)?
8
Let q(j) = -j**3 + 6*j**2 + 8*j - 3. Let l = 247 - 240. Determine q(l).
4
Let x(w) be the first derivative of -w**3/3 - 9*w**2/2 + 20*w - 457. What is x(-11)?
-2
Let x(c) = c**2 + 8*c - 6. Suppose 3*z - 6*y + 2*y + 47 = 0, -4*y + 20 = 0. Calculate x(z).
3
Let c be -5*((-35)/21 + 4/6). Let i(x) = -4*x - 5*x**2 + x**3 + 7 + 4*x - 2*x. What is i(c)?
-3
Let h = 7 - 4. Let y(d) = 50*d - 123*d - 4 + 74*d. Give y(h).
-1
Let t(f) = -7*f + 5*f + f - 2*f - f. Suppose 4*v - 3 = 1. Calculate t(v).
-4
Let z(c) = -5*c + 15. Let a(f) = 6*f - 17. Let y(b) = -3*a(b) - 4*z(b). What is y(5)?
1
Let r(c) = 4*c**3 + 9*c**2 - c - 6. Let a(h) 